{"id":6,"date":"2019-11-14T08:14:32","date_gmt":"2019-11-14T07:14:32","guid":{"rendered":"http:\/\/www.test.valabo.com\/wordpress\/?page_id=6"},"modified":"2021-09-01T15:07:01","modified_gmt":"2021-09-01T13:07:01","slug":"le-nouveau-e-mucem-ouvre-ses-portes-2","status":"publish","type":"page","link":"https:\/\/www.test.valabo.com\/wordpress\/","title":{"rendered":"Accueil"},"content":{"rendered":"\n<p>Je suis Manuel Salas de la Fuente, <strong>graphiste dipl\u00f4m\u00e9<\/strong> de l\u2019Institut d\u2019Arts Visuels d\u2019Orl\u00e9ans et apr\u00e8s plus de 20 ans de passion pour l\u2019image et la communication visuelle, des exp\u00e9riences en agences et en collectivit\u00e9s territoriales, j\u2019ai cr\u00e9\u00e9 \u00e0 Lauzach le studio graphique Valabo en 2016.<br>Avec Valabo vous aurez des visuels cr\u00e9atifs, personnalis\u00e9s et impactants sur affiche, flyer, kak\u00e9mono, d\u00e9pliant, plaquette, stand, marquage\u2026<\/p>\n","protected":false},"excerpt":{"rendered":"<p>Je suis Manuel Salas de la Fuente, graphiste dipl\u00f4m\u00e9 de l\u2019Institut d\u2019Arts Visuels d\u2019Orl\u00e9ans et apr\u00e8s plus de 20 ans de passion pour l\u2019image et la communication visuelle, des exp\u00e9riences en agences et en collectivit\u00e9s territoriales, j\u2019ai cr\u00e9\u00e9 \u00e0 Lauzach le studio graphique Valabo en 2016.Avec Valabo vous aurez des visuels cr\u00e9atifs, personnalis\u00e9s et impactants [&hellip;]<\/p>\n","protected":false},"author":1,"featured_media":0,"parent":0,"menu_order":0,"comment_status":"closed","ping_status":"closed","template":"elementor_header_footer","meta":{"footnotes":""},"_links":{"self":[{"href":"https:\/\/www.test.valabo.com\/wordpress\/wp-json\/wp\/v2\/pages\/6"}],"collection":[{"href":"https:\/\/www.test.valabo.com\/wordpress\/wp-json\/wp\/v2\/pages"}],"about":[{"href":"https:\/\/www.test.valabo.com\/wordpress\/wp-json\/wp\/v2\/types\/page"}],"author":[{"embeddable":true,"href":"https:\/\/www.test.valabo.com\/wordpress\/wp-json\/wp\/v2\/users\/1"}],"replies":[{"embeddable":true,"href":"https:\/\/www.test.valabo.com\/wordpress\/wp-json\/wp\/v2\/comments?post=6"}],"version-history":[{"count":83,"href":"https:\/\/www.test.valabo.com\/wordpress\/wp-json\/wp\/v2\/pages\/6\/revisions"}],"predecessor-version":[{"id":270,"href":"https:\/\/www.test.valabo.com\/wordpress\/wp-json\/wp\/v2\/pages\/6\/revisions\/270"}],"wp:attachment":[{"href":"https:\/\/www.test.valabo.com\/wordpress\/wp-json\/wp\/v2\/media?parent=6"}],"curies":[{"name":"wp","href":"https:\/\/api.w.org\/{rel}","templated":true}]}}